*y**3 + 3*y**2 + 6*y + 7. Let f be l(v). Suppose 3*g - f = -0*g. What is the remainder when 38 is divided by g?
12
Let k = -316 + 359. Suppose 5*x - 645 - 30 = 0. Calculate the remainder when x is divided by k.
6
What is the remainder when 1726 is divided by (-18)/(-45)*(-690)/(-4) + 3?
70
Suppose 20*y - 7704 = -1904. What is the remainder when y is divided by 131?
28
Let d = 96 + -102. What is the remainder when 70 is divided by -4 - d/((-12)/(-38))?
10
Let w(l) = -9*l + 2. Let y(v) = 20*v**2 - 7*v + 10. Calculate the remainder when y(2) is divided by w(-1).
10
Suppose 79 - 119 = -4*l. Suppose 0 + l = 5*i. Suppose i*n + 3*v = 7*n - 65, -n + 13 = -2*v. Calculate the remainder when n is divided by 9.
4
Let m = 115 - 114. Let v(c) = 37*c**3 + c**2 - 4*c + 2. Calculate the remainder when 103 is divided by v(m).
31
Let d(w) = 3*w**2 - 26*w - 4. Let x be d(9). Suppose 12*a + u + 145 = 16*a, x*a = 4*u + 184. Calculate the remainder when 179 is divided by a.
35
Let m = 1317 - 1276. What is the remainder when m is divided by 26?
15
Suppose 115*f = 151*f - 216. What is the remainder when 318 is divided by f?
0
Suppose -54*g + 577 + 1799 = 0. What is the remainder when 191 is divided by g?
15
Let v(p) = -p**3 + 2*p**2 - 2*p + 47. Suppose -57*i + 63*i = 0. What is the remainder when v(i) is divided by 26?
21
Let v = 2 + 1. Suppose 0 = y + v - 5. Suppose -623*h + 1681 = -811. Calculate the remainder when h is divided by y.
0
Suppose -h + 56 = 2*t, 2 = -t + 1. Let a = h - 49. What is the remainder when 98 is divided by a/(-6)*100/(-6)?
23
Suppose -161 - 99 = -26*m. Let d(f) = f**3 - 8*f**2 - 18*f + 14. Calculate the remainder when 336 is divided by d(m).
30
Let p = -15706 - -15735. Calculate the remainder when p is divided by 27.
2
Suppose 20 = 5*a - 420. Let z be 13918/(-14) - 7/(-49). Calculate the remainder when a is divided by (-2)/3 + z/(-42).
19
Calculate the remainder when 730 is divided by 129/(-30)*-10 - -17.
10
Suppose -11116 = -92*f + 26052. What is the remainder when f is divided by 144?
116
Calculate the remainder when ((-12398)/(-20) - (-42)/70)*18 is divided by 147.
144
Suppose 3*s - 9592 = -4*w, 3*w + 2*s = 3156 + 4037. Suppose 72*o = 77*o - w. What is the remainder when o is divided by 15?
14
Let n(x) be the first derivative of 5*x**2 + 210*x + 71. Let r(o) = o**3 - 4*o - 6. What is the remainder when r(5) is divided by n(-16)?
49
Suppose 2*n = -8*n + 3570. Suppose -5*p + n = 2*p. Suppose 4 = 2*s + 3*u - 25, 3*u + 62 = 5*s. What is the remainder when p is divided by s?
12
Suppose -17*x + 36 = -7*x - 754. Calculate the remainder when 316 is divided by x.
0
Let o(a) = a + 11. Suppose d + 3*v = -9, 3*d = -0*v - 5*v - 27. Let q be o(d). Let x(s) = 12*s**3 + 1. Calculate the remainder when x(q) is divided by 26.
19
Let r(v) = v**3 - 23*v**2 - 54*v + 216. Calculate the remainder when 1149 is divided by r(25).
105
Let p be (3/1)/(10/370)*-1. Let i = -104 - p. Let q(g) = g**3 - 9*g**2 - 7*g - 4. What is the remainder when q(10) is divided by i?
5
Let a = 23 + -21. Suppose 3*v = 5*i - 543, -v - a = v. Suppose -5*s = -i - 2. Calculate the remainder when s is divided by 5.
2
Suppose 0 = -5*t - 4*v + 1993, -5*v = 2*t - v - 802. Let y = -391 + t. What is the remainder when 5 + -5 + (34 - 1) is divided by y?
3
Let g = -2370 + 2453. Calculate the remainder when g is divided by 25.
8
Calculate the remainder when 12769 is divided by 4*(-7 + 26/4)*206/(-4).
100
Let g be (-3)/(-18)*-4 + (-1028)/6. Calculate the remainder when g/12*1*(3 - 9) is divided by (-30)/(-12)*22/5.
9
Suppose 5*h - 9*h + 409 = -k, -3*h - 5*k = -347. Calculate the remainder when h is divided by 28.
20
Suppose -9*b = 3*y - 144, -21*y + 26*y = 5*b - 80. Calculate the remainder when 43 is divided by b.
11
Let k be (-2 - 4)*(-1)/(-6) - 1199. What is the remainder when k/(-21) + 6/(-42) is divided by 16?
9
Let b = 197 + -63. Let m = -113 + b. What is the remainder when 37 is divided by m?
16
Suppose 0 = -8*b + 30 + 118 - 44. Calculate the remainder when 2155 is divided by b.
10
Let t = 22616 + -21947. What is the remainder when t is divided by 26?
19
Let y = 360 - 229. Let t = y + -109. What is the remainder when 327 is divided by t?
19
Let r(d) = -2*d**2 + 58*d + 3. What is the remainder when r(28) is divided by 53?
6
Let w = 396 - 362. Suppose 4*a - 58 = -14. Calculate the remainder when w is divided by a.
1
Let i = -467 - -488. Suppose 4*u = 19 + i. What is the remainder when 37 is divided by u?
7
Let p = 38 - 36. Let i(n) = 7*n - 14. Let q be i(3). Suppose 0 = -21*g + 14*g + q. What is the remainder when p is divided by g?
0
Suppose -3*o - 129 = 51. Let y = o + 80. Suppose 3*r - 5*m = 379, 6*r - 7*r - 4*m = -98. What is the remainder when r is divided by y?
18
Let o(v) = 4*v**2 + 4*v + 2. Let i(k) = 3*k**2 - 94*k + 33. Let r be i(31). Calculate the remainder when 99 is divided by o(r).
21
Suppose 0 = 3*f - 6, 8*q - 10*q = -3*f - 156. Calculate the remainder when 321 is divided by q.
78
Suppose -34*m + 3376 = -32*m. Calculate the remainder when m is divided by 121.
115
Suppose -98*c + 104*c = 162. Let t(u) = -u**2 - 22*u + 14. Let m be 5 + -8 - 18/2. What is the remainder when t(m) is divided by c?
26
Suppose -4*c - c - 110 = 0. Let o = -20 - c. Suppose -o*k + 14 - 6 = 0. What is the remainder when 34 is divided by k?
2
Suppose -555*k + 571*k = 224. Calculate the remainder when 840 is divided by k.
0
Let j = 1834 - -136. What is the remainder when j is divided by 219?
218
Suppose 47*k - 434 = 694. What is the remainder when 2 - (-2 + 6) - -211 is divided by k?
17
Let z(o) = -o**3 + 14*o**2 - 21*o + 21. Let c be z(11). Let n = c + -66. Calculate the remainder when 171 is divided by n.
84
Let g(t) = -6 + 59 + 49 - 112*t - 11. What is the remainder when g(-4) is divided by 18?
17
Let z = 89 - 81. Suppose -z*y + 10*y = 8. Suppose -129 + 493 = y*f. Calculate the remainder when f is divided by 47.
44
Let n = -3721 + 3721. Suppose 0*b - 2*b = -180. Suppose -6*v + 11*v - b = n. Calculate the remainder when 123 is divided by v.
15
Let a(s) = -s**2 + 123*s + 156. Calculate the remainder when a(80) is divided by 80.
76
Suppose 24*u = 48 + 1488. Let o = -48 + u. What is the remainder when (-4)/10 - 454/(-10) is divided by o?
13
Let f = -2 - -21. Calculate the remainder when (-84)/5*(-3140)/942 is divided by f.
18
Calculate the remainder when 2573 is divided by ((-266)/(-70) + -1)*40.
109
Let n = 326 + -324. Let d(b) = 59*b**2 - 13*b + 26. Calculate the remainder when d(n) is divided by 34.
32
Let g(l) = 4*l + 8. Let j(n) = -9*n - 4. Let o be j(-1). Suppose 20*w = 19*w + o. Calculate the remainder when g(w) is divided by 6.
4
Let n = 8303 + -7179. Calculate the remainder when n is divided by 158.
18
Let w = 646 - 632. What is the remainder when 55 is divided by w?
13
Let g(u) be the first derivative of -2*u**3/3 + 29*u**2/2 - 37*u - 13. Calculate the remainder when 434 is divided by g(12).
20
Let p = 719 - 451. Let s = p + -170. Calculate the remainder when s is divided by 10.
8
Let q(a) = -a**3 - 7*a**2 - a + 8. Let r(s) = -s**2 - 131*s + 593. What is the remainder when r(-134) is divided by q(-7)?
11
Suppose 9573 = 429*d + 3138. Calculate the remainder when 88*1 + 2 + -2 is divided by d.
13
Let n(k) = 2*k**3 - 22*k**2 + 8*k + 18. Let q be n(10). Let h = -69 - q. Calculate the remainder when 130 is divided by h.
31
Suppose -55*f + 12*f = 5*f - 192. Calculate the remainder when 1691 is divided by f.
3
Let o(x) = x**3 - 36*x**2 - 39*x + 101. Calculate the remainder when o(37) is divided by 10 + (-3)/(-3) + -2.
0
Let s = 9167 - 8056. What is the remainder when s is divided by 80?
71
Let l(f) = -4940*f - 817. Calculate the remainder when l(-2) is divided by 259.
257
Calculate the remainder when 1906 is divided by 175 - (1 + 5 - (42/14 - -2)).
166
Let m = 49 - 18. Let n = 2225 - 2216. What is the remainder when m is divided by n?
4
Suppose 4*t - 5*t + 2*u + 13 = 0, -4*t = -4*u - 48. Suppose 3*q = -d + 488, -5*d - 126 = 2*q - 447. Calculate the remainder when q is divided by t.
9
Suppose 234*p - 5150 = -219*p + 428*p. Let k = 6 - 2. Suppose -k*s + 16 = -3*s. What is the remainder when p is divided by s?
14
Suppose 3*b + 133 = 2*v, -1255 = -15*v - 5*b - 175. Calculate the remainder when 343 is divided 